{"id":126,"date":"2022-04-21T12:28:21","date_gmt":"2022-04-21T10:28:21","guid":{"rendered":"https:\/\/cyberwroc.pl\/?page_id=126"},"modified":"2022-11-09T15:06:59","modified_gmt":"2022-11-09T14:06:59","slug":"ego","status":"publish","type":"page","link":"https:\/\/cyberwroc.pl\/index.php\/ego\/","title":{"rendered":"Ego"},"content":{"rendered":"\n<div class=\"wp-block-media-text alignwide is-stacked-on-mobile\"><figure class=\"wp-block-media-text__media\"><img decoding=\"async\" src=\"https:\/\/jask.pl\/files\/fotob\/product-2578.jpg\" alt=\"\"\/><\/figure><div class=\"wp-block-media-text__content\">\n<p><strong>Ego<\/strong> to kultowa <strong>gra imprezowa<\/strong>. Wylosuj jedno z<strong> ponad 400 niebanalnych pyta\u0144<\/strong> i odczytaj je na g\u0142os. W tajemnicy wytypuj swoj\u0105 odpowied\u017a. Pozostali gracze spr\u00f3buj\u0105 odgadn\u0105\u0107 Tw\u00f3j wyb\u00f3r. <\/p>\n\n\n\n<p>W zale\u017cno\u015bci od tego, jak bardzo s\u0105 pewni odpowiedzi, obstawiaj\u0105 odpowiedni\u0105 liczb\u0119 \u017ceton\u00f3w. Gracz, kt\u00f3ry najlepiej pozna\u0142 swoich przyjaci\u00f3\u0142, zostaje zwyci\u0119zc\u0105.<\/p>\n<\/div><\/div>\n\n\n\n<p class=\"has-text-align-center has-large-font-size\"><a href=\"https:\/\/www.trefl.com\/media\/instruction\/\/0\/1\/01298_instrukcja.pdf\"><strong>INSTRUKCJA<\/strong><\/a><\/p>\n","protected":false},"excerpt":{"rendered":"<p>Ego to kultowa gra imprezowa. Wylosuj jedno z ponad 400 niebanalnych pyta\u0144 i odczytaj je na g\u0142os. W tajemnicy wytypuj swoj\u0105 odpowied\u017a. Pozostali gracze spr\u00f3buj\u0105 odgadn\u0105\u0107 Tw\u00f3j wyb\u00f3r. W zale\u017cno\u015bci od tego, jak bardzo s\u0105 pewni odpowiedzi, obstawiaj\u0105 odpowiedni\u0105 liczb\u0119 \u017ceton\u00f3w. Gracz, kt\u00f3ry najlepiej pozna\u0142 swoich przyjaci\u00f3\u0142, zostaje zwyci\u0119zc\u0105. INSTRUKCJA<\/p>\n","protected":false},"author":2,"featured_media":0,"parent":0,"menu_order":0,"comment_status":"closed","ping_status":"closed","template":"","meta":{"footnotes":""},"class_list":["post-126","page","type-page","status-publish","hentry"],"_links":{"self":[{"href":"https:\/\/cyberwroc.pl\/index.php\/wp-json\/wp\/v2\/pages\/126","targetHints":{"allow":["GET"]}}],"collection":[{"href":"https:\/\/cyberwroc.pl\/index.php\/wp-json\/wp\/v2\/pages"}],"about":[{"href":"https:\/\/cyberwroc.pl\/index.php\/wp-json\/wp\/v2\/types\/page"}],"author":[{"embeddable":true,"href":"https:\/\/cyberwroc.pl\/index.php\/wp-json\/wp\/v2\/users\/2"}],"replies":[{"embeddable":true,"href":"https:\/\/cyberwroc.pl\/index.php\/wp-json\/wp\/v2\/comments?post=126"}],"version-history":[{"count":3,"href":"https:\/\/cyberwroc.pl\/index.php\/wp-json\/wp\/v2\/pages\/126\/revisions"}],"predecessor-version":[{"id":469,"href":"https:\/\/cyberwroc.pl\/index.php\/wp-json\/wp\/v2\/pages\/126\/revisions\/469"}],"wp:attachment":[{"href":"https:\/\/cyberwroc.pl\/index.php\/wp-json\/wp\/v2\/media?parent=126"}],"curies":[{"name":"wp","href":"https:\/\/api.w.org\/{rel}","templated":true}]}}