{"id":299,"date":"2022-10-26T14:23:54","date_gmt":"2022-10-26T12:23:54","guid":{"rendered":"https:\/\/cyberwroc.pl\/?page_id=299"},"modified":"2022-11-09T15:01:20","modified_gmt":"2022-11-09T14:01:20","slug":"alias-kobiety-vs-mezczyzni","status":"publish","type":"page","link":"https:\/\/cyberwroc.pl\/index.php\/alias-kobiety-vs-mezczyzni\/","title":{"rendered":"Alias: Kobiety vs M\u0119\u017cczy\u017ani"},"content":{"rendered":"\n<div class=\"wp-block-media-text alignwide is-stacked-on-mobile\"><figure class=\"wp-block-media-text__media\"><img decoding=\"async\" src=\"https:\/\/ecsmedia.pl\/c\/tactic-games-gra-towarzyska-alias-kobiety-vs-mezczyzni-b-iext116881711.jpg\" alt=\"\"\/><\/figure><div class=\"wp-block-media-text__content\">\n<p><strong>ALIAS<\/strong>&nbsp;to zabawna gra o wyrazach, w kt\u00f3rej podstawowa zasada brzmi \u201cinaczej m\u00f3wi\u0105c\u201d. Celem jest obja\u015bnienie, zanim przesypie si\u0119 piasek w klepsydrze, jak najwi\u0119cej hase\u0142 z kart, za pomoc\u0105 synonim\u00f3w, przeciwie\u0144stw i podpowiedzi.<\/p>\n\n\n\n<p>Za ka\u017cde odgadni\u0119te has\u0142o pionek przesuwa si\u0119 do przodu na planszy, a dru\u017cyna kt\u00f3ra szybciej dotrze do mety zwyci\u0119\u017ca! Brzmi prosto ale czas dzia\u0142a na twoj\u0105 niekorzy\u015b\u0107\u2026<\/p>\n\n\n\n<p>Jak dobrze znasz \u015bwiat p\u0142ci przeciwnej? A mo\u017ce nie znasz go wcale, ale jeste\u015b mistrzem w naprowadzaniu &#8222;na oko\u0142o&#8221;? Przekonaj si\u0119 sam (a raczej w grupie od 4 graczy w niesko\u0144czono\u015b\u0107!)!<\/p>\n<\/div><\/div>\n\n\n\n<p class=\"has-text-align-center has-large-font-size\"><a href=\"http:\/\/www.tactic.net\/site\/rules\/PL\/53703.pdf\">INSTRUKCJA<\/a><\/p>\n","protected":false},"excerpt":{"rendered":"<p>ALIAS&nbsp;to zabawna gra o wyrazach, w kt\u00f3rej podstawowa zasada brzmi \u201cinaczej m\u00f3wi\u0105c\u201d. Celem jest obja\u015bnienie, zanim przesypie si\u0119 piasek w klepsydrze, jak najwi\u0119cej hase\u0142 z kart, za pomoc\u0105 synonim\u00f3w, przeciwie\u0144stw i podpowiedzi. Za ka\u017cde odgadni\u0119te has\u0142o pionek przesuwa si\u0119 do przodu na planszy, a dru\u017cyna kt\u00f3ra szybciej dotrze do mety zwyci\u0119\u017ca! Brzmi prosto ale czas [&hellip;]<\/p>\n","protected":false},"author":3,"featured_media":0,"parent":0,"menu_order":0,"comment_status":"closed","ping_status":"closed","template":"","meta":{"footnotes":""},"class_list":["post-299","page","type-page","status-publish","hentry"],"_links":{"self":[{"href":"https:\/\/cyberwroc.pl\/index.php\/wp-json\/wp\/v2\/pages\/299","targetHints":{"allow":["GET"]}}],"collection":[{"href":"https:\/\/cyberwroc.pl\/index.php\/wp-json\/wp\/v2\/pages"}],"about":[{"href":"https:\/\/cyberwroc.pl\/index.php\/wp-json\/wp\/v2\/types\/page"}],"author":[{"embeddable":true,"href":"https:\/\/cyberwroc.pl\/index.php\/wp-json\/wp\/v2\/users\/3"}],"replies":[{"embeddable":true,"href":"https:\/\/cyberwroc.pl\/index.php\/wp-json\/wp\/v2\/comments?post=299"}],"version-history":[{"count":2,"href":"https:\/\/cyberwroc.pl\/index.php\/wp-json\/wp\/v2\/pages\/299\/revisions"}],"predecessor-version":[{"id":455,"href":"https:\/\/cyberwroc.pl\/index.php\/wp-json\/wp\/v2\/pages\/299\/revisions\/455"}],"wp:attachment":[{"href":"https:\/\/cyberwroc.pl\/index.php\/wp-json\/wp\/v2\/media?parent=299"}],"curies":[{"name":"wp","href":"https:\/\/api.w.org\/{rel}","templated":true}]}}