{"id":302,"date":"2022-10-26T14:42:08","date_gmt":"2022-10-26T12:42:08","guid":{"rendered":"https:\/\/cyberwroc.pl\/?page_id=302"},"modified":"2022-11-09T15:02:55","modified_gmt":"2022-11-09T14:02:55","slug":"bang","status":"publish","type":"page","link":"https:\/\/cyberwroc.pl\/index.php\/bang\/","title":{"rendered":"Bang!"},"content":{"rendered":"\n<div class=\"wp-block-media-text alignwide is-stacked-on-mobile\"><figure class=\"wp-block-media-text__media\"><img decoding=\"async\" src=\"https:\/\/ecsmedia.pl\/c\/bard-gra-towarzyska-bang-iv-edycja-polska-b-iext120016375.jpg\" alt=\"\"\/><\/figure><div class=\"wp-block-media-text__content\">\n<p>Bang! to dynamiczna gra karciana osadzona w realiach dzikiego, nieokie\u0142znanego zachodu. Ka\u017cdy z graczy wciela si\u0119 w jedn\u0105 z 3 r\u00f3l: str\u00f3\u017ca prawa, bandyt\u0119 lub renegata, a celem jest wyeliminowanie przeciwnik\u00f3w. Szczeg\u00f3lnie wa\u017cnym elementem gry jest fakt, \u017ce rola ka\u017cdego z graczy jest tajna i nigdy nie wiemy kto jest przyjacielem, a kto wrogiem. Gra cechuje si\u0119 bardzo du\u017c\u0105 interakcj\u0105 pomi\u0119dzy graczami, prostymi zasadami i szybk\u0105 rozgrywk\u0105, kt\u00f3ra nie raz mo\u017ce nas zaskoczy\u0107.<\/p>\n\n\n\n<p>Banici poluj\u0105 na Szeryfa. Szeryf poluje na Banit\u00f3w. Renegat spiskuje w tajemnicy, got\u00f3w poprze\u0107 jedn\u0105 b\u0105d\u017a drug\u0105 stron\u0119. Kule gwi\u017cd\u017c\u0105. Kto spo\u015br\u00f3d strzelaj\u0105cych jest Zast\u0119pc\u0105 Szeryfa, gotowym po\u015bwi\u0119ci\u0107 si\u0119 dla Szeryfa? Kto za\u015b jest bezlitosnym Banit\u0105, pragn\u0105cym go zabi\u0107? Je\u015bli chcesz si\u0119 dowiedzie\u0107, po prostu wyci\u0105gnij (karty)!<\/p>\n<\/div><\/div>\n\n\n\n<p class=\"has-text-align-center has-large-font-size\"><a href=\"https:\/\/silo.tips\/download\/gra-dla-4-7-graczy-w-wieku-od-10-lat\">INSTRUKCJA<\/a><\/p>\n","protected":false},"excerpt":{"rendered":"<p>Bang! to dynamiczna gra karciana osadzona w realiach dzikiego, nieokie\u0142znanego zachodu. Ka\u017cdy z graczy wciela si\u0119 w jedn\u0105 z 3 r\u00f3l: str\u00f3\u017ca prawa, bandyt\u0119 lub renegata, a celem jest wyeliminowanie przeciwnik\u00f3w. Szczeg\u00f3lnie wa\u017cnym elementem gry jest fakt, \u017ce rola ka\u017cdego z graczy jest tajna i nigdy nie wiemy kto jest przyjacielem, a kto wrogiem. Gra [&hellip;]<\/p>\n","protected":false},"author":3,"featured_media":0,"parent":0,"menu_order":0,"comment_status":"closed","ping_status":"closed","template":"","meta":{"footnotes":""},"class_list":["post-302","page","type-page","status-publish","hentry"],"_links":{"self":[{"href":"https:\/\/cyberwroc.pl\/index.php\/wp-json\/wp\/v2\/pages\/302","targetHints":{"allow":["GET"]}}],"collection":[{"href":"https:\/\/cyberwroc.pl\/index.php\/wp-json\/wp\/v2\/pages"}],"about":[{"href":"https:\/\/cyberwroc.pl\/index.php\/wp-json\/wp\/v2\/types\/page"}],"author":[{"embeddable":true,"href":"https:\/\/cyberwroc.pl\/index.php\/wp-json\/wp\/v2\/users\/3"}],"replies":[{"embeddable":true,"href":"https:\/\/cyberwroc.pl\/index.php\/wp-json\/wp\/v2\/comments?post=302"}],"version-history":[{"count":3,"href":"https:\/\/cyberwroc.pl\/index.php\/wp-json\/wp\/v2\/pages\/302\/revisions"}],"predecessor-version":[{"id":459,"href":"https:\/\/cyberwroc.pl\/index.php\/wp-json\/wp\/v2\/pages\/302\/revisions\/459"}],"wp:attachment":[{"href":"https:\/\/cyberwroc.pl\/index.php\/wp-json\/wp\/v2\/media?parent=302"}],"curies":[{"name":"wp","href":"https:\/\/api.w.org\/{rel}","templated":true}]}}