{"id":344,"date":"2022-10-26T16:12:09","date_gmt":"2022-10-26T14:12:09","guid":{"rendered":"https:\/\/cyberwroc.pl\/?page_id=344"},"modified":"2022-11-09T15:22:18","modified_gmt":"2022-11-09T14:22:18","slug":"speed-dating","status":"publish","type":"page","link":"https:\/\/cyberwroc.pl\/index.php\/speed-dating\/","title":{"rendered":"Speed dating"},"content":{"rendered":"\n<p><\/p>\n\n\n\n<div class=\"wp-block-media-text alignwide is-stacked-on-mobile\"><figure class=\"wp-block-media-text__media\"><img decoding=\"async\" src=\"https:\/\/mlodygiercownik.pl\/wp-content\/uploads\/2018\/10\/speed-dating.png\" alt=\"\"\/><\/figure><div class=\"wp-block-media-text__content\">\n<p>Wybierz si\u0119 na szalony Speed Dating! Wyobra\u017a sobie posta\u0107 wyr\u00f3\u017cniaj\u0105c\u0105 si\u0119 trzema zabawnymi i niecodziennymi cechami charakteru. Przedstaw je najlepiej jak potrafisz i daj si\u0119 uwie\u015b\u0107 postaciom stworzonym przez innych graczy.<\/p>\n\n\n\n<p>Bior\u0105c udzia\u0142 w tej szalonej zabawie, b\u0105d\u017a przygotowany na mocne dyskusje, ci\u0105g\u0142e improwizacje i&#8230; salwy \u015bmiechu!<\/p>\n\n\n\n<p>W grze Speed Dating wymy\u015blona przez Ciebie posta\u0107 poszukuje swojej drugiej po\u0142\u00f3wki, dlatego bierze udzia\u0142 w speed datingu (czyli tak zwanych &#8222;szybkich randkach&#8221;).<\/p>\n\n\n\n<p>Czaruj, przekonuj i r\u00f3b wszystko, co w Twojej mocy, by nie wr\u00f3ci\u0142a samotnie do domu. Uwied\u017a i daj si\u0119 uwie\u015b\u0107!<\/p>\n<\/div><\/div>\n\n\n\n<p class=\"has-text-align-center has-large-font-size\"><a href=\"http:\/\/mlodygiercownik.pl\/2018\/10\/29\/recenzja-gry-karcianej-speed-dating\/\"><strong>INSTRUKCJA, PRZEBIEG GRY<\/strong><\/a><\/p>\n","protected":false},"excerpt":{"rendered":"<p>Wybierz si\u0119 na szalony Speed Dating! Wyobra\u017a sobie posta\u0107 wyr\u00f3\u017cniaj\u0105c\u0105 si\u0119 trzema zabawnymi i niecodziennymi cechami charakteru. Przedstaw je najlepiej jak potrafisz i daj si\u0119 uwie\u015b\u0107 postaciom stworzonym przez innych graczy. Bior\u0105c udzia\u0142 w tej szalonej zabawie, b\u0105d\u017a przygotowany na mocne dyskusje, ci\u0105g\u0142e improwizacje i&#8230; salwy \u015bmiechu! W grze Speed Dating wymy\u015blona przez Ciebie posta\u0107 [&hellip;]<\/p>\n","protected":false},"author":3,"featured_media":0,"parent":0,"menu_order":0,"comment_status":"closed","ping_status":"closed","template":"","meta":{"footnotes":""},"class_list":["post-344","page","type-page","status-publish","hentry"],"_links":{"self":[{"href":"https:\/\/cyberwroc.pl\/index.php\/wp-json\/wp\/v2\/pages\/344","targetHints":{"allow":["GET"]}}],"collection":[{"href":"https:\/\/cyberwroc.pl\/index.php\/wp-json\/wp\/v2\/pages"}],"about":[{"href":"https:\/\/cyberwroc.pl\/index.php\/wp-json\/wp\/v2\/types\/page"}],"author":[{"embeddable":true,"href":"https:\/\/cyberwroc.pl\/index.php\/wp-json\/wp\/v2\/users\/3"}],"replies":[{"embeddable":true,"href":"https:\/\/cyberwroc.pl\/index.php\/wp-json\/wp\/v2\/comments?post=344"}],"version-history":[{"count":2,"href":"https:\/\/cyberwroc.pl\/index.php\/wp-json\/wp\/v2\/pages\/344\/revisions"}],"predecessor-version":[{"id":509,"href":"https:\/\/cyberwroc.pl\/index.php\/wp-json\/wp\/v2\/pages\/344\/revisions\/509"}],"wp:attachment":[{"href":"https:\/\/cyberwroc.pl\/index.php\/wp-json\/wp\/v2\/media?parent=344"}],"curies":[{"name":"wp","href":"https:\/\/api.w.org\/{rel}","templated":true}]}}