{"id":349,"date":"2022-10-26T16:20:12","date_gmt":"2022-10-26T14:20:12","guid":{"rendered":"https:\/\/cyberwroc.pl\/?page_id=349"},"modified":"2022-11-09T15:15:56","modified_gmt":"2022-11-09T14:15:56","slug":"piatka","status":"publish","type":"page","link":"https:\/\/cyberwroc.pl\/index.php\/piatka\/","title":{"rendered":"Pi\u0105tka"},"content":{"rendered":"\n<div class=\"wp-block-media-text alignwide is-stacked-on-mobile\"><figure class=\"wp-block-media-text__media\"><img decoding=\"async\" src=\"https:\/\/ecsmedia.pl\/c\/gra-piatka-b-iext115832614.jpg\" alt=\"\"\/><\/figure><div class=\"wp-block-media-text__content\">\n<p>Pi\u0105tka to szybka, kolorowa gra imprezowa dla 2-8 graczy. Znajdziecie tu wszystko, czego potrzeba do rozkr\u0119cenia plansz\u00f3wkowego wieczoru: proste zasady, konieczno\u015b\u0107 przejrzenia przeciwnik\u00f3w i pi\u0119knie wykonane, customowe ko\u015bci.<\/p>\n\n\n\n<p><\/p>\n\n\n\n<p>Gra sk\u0142ada si\u0119 z dw\u00f3ch rund, w czasie kt\u00f3rych ka\u017cdy z Was b\u0119dzie musia\u0142 stworzy\u0107 skojarzenie dla ka\u017cdej z pi\u0119ciu par ko\u015bci. Za ka\u017cde takie skojarzenie otrzymacie 1 punkt, chyba \u017ce nie zostanie ono zaakceptowane przez pozosta\u0142ych graczy. Ale uwaga! Je\u017celi uda Wam si\u0119 stworzy\u0107 takie samo skojarzenie jak kt\u00f3ry\u015b z waszych przeciwnik\u00f3w, otrzymacie za nie a\u017c 2 punkty. Wielkie umys\u0142y my\u015bl\u0105 podobnie!<\/p>\n<\/div><\/div>\n\n\n\n<p class=\"has-text-align-center has-large-font-size\"><a href=\"https:\/\/portalgames.blob.core.windows.net\/match5\/Match5-Rules_PL.pdf\"><strong>INSTRUKCJA<\/strong><\/a><\/p>\n","protected":false},"excerpt":{"rendered":"<p>Pi\u0105tka to szybka, kolorowa gra imprezowa dla 2-8 graczy. Znajdziecie tu wszystko, czego potrzeba do rozkr\u0119cenia plansz\u00f3wkowego wieczoru: proste zasady, konieczno\u015b\u0107 przejrzenia przeciwnik\u00f3w i pi\u0119knie wykonane, customowe ko\u015bci. Gra sk\u0142ada si\u0119 z dw\u00f3ch rund, w czasie kt\u00f3rych ka\u017cdy z Was b\u0119dzie musia\u0142 stworzy\u0107 skojarzenie dla ka\u017cdej z pi\u0119ciu par ko\u015bci. Za ka\u017cde takie skojarzenie otrzymacie [&hellip;]<\/p>\n","protected":false},"author":3,"featured_media":0,"parent":0,"menu_order":0,"comment_status":"closed","ping_status":"closed","template":"","meta":{"footnotes":""},"class_list":["post-349","page","type-page","status-publish","hentry"],"_links":{"self":[{"href":"https:\/\/cyberwroc.pl\/index.php\/wp-json\/wp\/v2\/pages\/349","targetHints":{"allow":["GET"]}}],"collection":[{"href":"https:\/\/cyberwroc.pl\/index.php\/wp-json\/wp\/v2\/pages"}],"about":[{"href":"https:\/\/cyberwroc.pl\/index.php\/wp-json\/wp\/v2\/types\/page"}],"author":[{"embeddable":true,"href":"https:\/\/cyberwroc.pl\/index.php\/wp-json\/wp\/v2\/users\/3"}],"replies":[{"embeddable":true,"href":"https:\/\/cyberwroc.pl\/index.php\/wp-json\/wp\/v2\/comments?post=349"}],"version-history":[{"count":4,"href":"https:\/\/cyberwroc.pl\/index.php\/wp-json\/wp\/v2\/pages\/349\/revisions"}],"predecessor-version":[{"id":501,"href":"https:\/\/cyberwroc.pl\/index.php\/wp-json\/wp\/v2\/pages\/349\/revisions\/501"}],"wp:attachment":[{"href":"https:\/\/cyberwroc.pl\/index.php\/wp-json\/wp\/v2\/media?parent=349"}],"curies":[{"name":"wp","href":"https:\/\/api.w.org\/{rel}","templated":true}]}}