{"id":363,"date":"2022-10-26T16:43:26","date_gmt":"2022-10-26T14:43:26","guid":{"rendered":"https:\/\/cyberwroc.pl\/?page_id=363"},"modified":"2022-10-26T16:43:26","modified_gmt":"2022-10-26T14:43:26","slug":"fasolki-rozszerzenie","status":"publish","type":"page","link":"https:\/\/cyberwroc.pl\/index.php\/fasolki-rozszerzenie\/","title":{"rendered":"Fasolki, rozszerzenie"},"content":{"rendered":"\n<div class=\"wp-block-media-text alignwide is-stacked-on-mobile\"><figure class=\"wp-block-media-text__media\"><img decoding=\"async\" src=\"https:\/\/gryplanszowe.pl\/pol_pl_Fasolki-Fasolki-Rozszerzenie-zestaw-3582_1.jpg\" alt=\"\"\/><\/figure><div class=\"wp-block-media-text__content\">\n<p>Fasolki: Rozszerzenie sk\u0142ada si\u0119 z 4 nast\u0119puj\u0105cych modu\u0142\u00f3w:<\/p>\n\n\n\n<ul class=\"wp-block-list\"><li>Nowe gatunki fasolek &#8211; wprowadzaj\u0105cy do gry nowe gatunki fasolek umo\u017cliwiaj\u0105ce przeprowadzenie rozgrywki nawet w siedem os\u00f3b.<\/li><li>Fasolufka &#8211; nowa wersja podstawowej gry, w kt\u00f3rej poza panami fasolkami wyst\u0119puj\u0105 panie fasolki oraz dzieci fasolki. Panie fasolki maj\u0105 o wiele korzystniejszy fasolometr ni\u017c ich partnerzy, ale dzia\u0142aj\u0105 tylko wtedy gdy s\u0105 na wierzchu pola. W umieszczeniu ich tam pomagaj\u0105 dzieci.<\/li><li>Fasolkopaj\u0105k &#8211; wprowadzaj\u0105cy do gry mo\u017cliwo\u015b\u0107 blefowania oraz zupe\u0142nie nowy rodzaj fasolometru nazywany &#8222;fasolowym wy\u015bcigiem&#8221;. Zapewnia on tym wi\u0119cej monet, im wi\u0119cej razy zmienia si\u0119 kolor kart na polu z fasolkopaj\u0105kiem<\/li><li>Pojedynek &#8211; wariant bez handlowania przeznaczony specjalnie do rozgrywek dwuosobowych.<\/li><\/ul>\n\n\n\n<p>Tak dokonana selekcja sprawia, \u017ce Fasolki: Rozszerzenie s\u0105 obowi\u0105zkow\u0105 pozycj\u0105 dla wszelkich mi\u0142o\u015bnik\u00f3w doskona\u0142ej gry o handlu fasol\u0105. W tym dodatku ka\u017cdy znajdzie co\u015b dla siebie!<br><br>UWAGA: Do gry wymagana jest podstawowa wersja gry Fasolki!<\/p>\n<\/div><\/div>\n","protected":false},"excerpt":{"rendered":"<p>Fasolki: Rozszerzenie sk\u0142ada si\u0119 z 4 nast\u0119puj\u0105cych modu\u0142\u00f3w: Nowe gatunki fasolek &#8211; wprowadzaj\u0105cy do gry nowe gatunki fasolek umo\u017cliwiaj\u0105ce przeprowadzenie rozgrywki nawet w siedem os\u00f3b. Fasolufka &#8211; nowa wersja podstawowej gry, w kt\u00f3rej poza panami fasolkami wyst\u0119puj\u0105 panie fasolki oraz dzieci fasolki. Panie fasolki maj\u0105 o wiele korzystniejszy fasolometr ni\u017c ich partnerzy, ale dzia\u0142aj\u0105 tylko [&hellip;]<\/p>\n","protected":false},"author":3,"featured_media":0,"parent":0,"menu_order":0,"comment_status":"closed","ping_status":"closed","template":"","meta":{"footnotes":""},"class_list":["post-363","page","type-page","status-publish","hentry"],"_links":{"self":[{"href":"https:\/\/cyberwroc.pl\/index.php\/wp-json\/wp\/v2\/pages\/363","targetHints":{"allow":["GET"]}}],"collection":[{"href":"https:\/\/cyberwroc.pl\/index.php\/wp-json\/wp\/v2\/pages"}],"about":[{"href":"https:\/\/cyberwroc.pl\/index.php\/wp-json\/wp\/v2\/types\/page"}],"author":[{"embeddable":true,"href":"https:\/\/cyberwroc.pl\/index.php\/wp-json\/wp\/v2\/users\/3"}],"replies":[{"embeddable":true,"href":"https:\/\/cyberwroc.pl\/index.php\/wp-json\/wp\/v2\/comments?post=363"}],"version-history":[{"count":1,"href":"https:\/\/cyberwroc.pl\/index.php\/wp-json\/wp\/v2\/pages\/363\/revisions"}],"predecessor-version":[{"id":364,"href":"https:\/\/cyberwroc.pl\/index.php\/wp-json\/wp\/v2\/pages\/363\/revisions\/364"}],"wp:attachment":[{"href":"https:\/\/cyberwroc.pl\/index.php\/wp-json\/wp\/v2\/media?parent=363"}],"curies":[{"name":"wp","href":"https:\/\/api.w.org\/{rel}","templated":true}]}}