{"id":402,"date":"2022-10-26T17:58:12","date_gmt":"2022-10-26T15:58:12","guid":{"rendered":"https:\/\/cyberwroc.pl\/?page_id=402"},"modified":"2022-11-09T15:18:58","modified_gmt":"2022-11-09T14:18:58","slug":"rosyjska-ruletka","status":"publish","type":"page","link":"https:\/\/cyberwroc.pl\/index.php\/rosyjska-ruletka\/","title":{"rendered":"Rosyjska ruletka"},"content":{"rendered":"\n<div class=\"wp-block-media-text alignwide is-stacked-on-mobile\"><figure class=\"wp-block-media-text__media\"><img decoding=\"async\" src=\"https:\/\/image.ceneostatic.pl\/data\/products\/51666968\/i-rosyjska-ruletka-mistrzostwa-swiata-black-monk.jpg\" alt=\"\"\/><\/figure><div class=\"wp-block-media-text__content\">\n<p>Rosyjska Ruletka: Mistrzostwa \u015awiata to wystrza\u0142owa gra ryzyka i blefu! Gracze mog\u0105 by\u0107 z siebie dumni &#8211; zakwalifikowali si\u0119 do mistrzostw \u015bwiata\u2026 w rosyjsk\u0105 ruletk\u0119.<\/p>\n\n\n\n<p>Teraz staj\u0105 si\u0119 kapitanami czteroosobowych dru\u017cyn, walcz\u0105cych o przetrwanie i zwyci\u0119stwo. Obstawiaj\u0105, jak wiele poci\u0105gni\u0119\u0107 za spust dadz\u0105 rad\u0119 przetrwa\u0107. Ka\u017cde kolejne to wi\u0119cej punkt\u00f3w, ale te\u017c wi\u0119ksza szansa, \u017ce zamiast wymarzonego klik! us\u0142ysz\u0105 g\u0142o\u015bne BANG! Nie ma punkt\u00f3w dla martwych.<\/p>\n\n\n\n<p><br>Z pomoc\u0105 przychodz\u0105 karty akcji, kt\u00f3re pozwalaj\u0105 wycelowa\u0107 w powietrze, czy w innego gracza. Mo\u017cna te\u017c ukry\u0107 nab\u00f3j w kieszeni, ale je\u017celi kto\u015b to odkryje, oszusta spotka marny koniec.<\/p>\n<\/div><\/div>\n\n\n\n<p class=\"has-text-align-center has-large-font-size\"><a href=\"https:\/\/blackmonk.pl\/MATERIALY\/Rosyjska_Ruletka_Instrukcja.pdf\"><strong>INSTRUKCJA<\/strong><\/a><\/p>\n","protected":false},"excerpt":{"rendered":"<p>Rosyjska Ruletka: Mistrzostwa \u015awiata to wystrza\u0142owa gra ryzyka i blefu! Gracze mog\u0105 by\u0107 z siebie dumni &#8211; zakwalifikowali si\u0119 do mistrzostw \u015bwiata\u2026 w rosyjsk\u0105 ruletk\u0119. Teraz staj\u0105 si\u0119 kapitanami czteroosobowych dru\u017cyn, walcz\u0105cych o przetrwanie i zwyci\u0119stwo. Obstawiaj\u0105, jak wiele poci\u0105gni\u0119\u0107 za spust dadz\u0105 rad\u0119 przetrwa\u0107. Ka\u017cde kolejne to wi\u0119cej punkt\u00f3w, ale te\u017c wi\u0119ksza szansa, \u017ce [&hellip;]<\/p>\n","protected":false},"author":3,"featured_media":0,"parent":0,"menu_order":0,"comment_status":"closed","ping_status":"closed","template":"","meta":{"footnotes":""},"class_list":["post-402","page","type-page","status-publish","hentry"],"_links":{"self":[{"href":"https:\/\/cyberwroc.pl\/index.php\/wp-json\/wp\/v2\/pages\/402","targetHints":{"allow":["GET"]}}],"collection":[{"href":"https:\/\/cyberwroc.pl\/index.php\/wp-json\/wp\/v2\/pages"}],"about":[{"href":"https:\/\/cyberwroc.pl\/index.php\/wp-json\/wp\/v2\/types\/page"}],"author":[{"embeddable":true,"href":"https:\/\/cyberwroc.pl\/index.php\/wp-json\/wp\/v2\/users\/3"}],"replies":[{"embeddable":true,"href":"https:\/\/cyberwroc.pl\/index.php\/wp-json\/wp\/v2\/comments?post=402"}],"version-history":[{"count":4,"href":"https:\/\/cyberwroc.pl\/index.php\/wp-json\/wp\/v2\/pages\/402\/revisions"}],"predecessor-version":[{"id":504,"href":"https:\/\/cyberwroc.pl\/index.php\/wp-json\/wp\/v2\/pages\/402\/revisions\/504"}],"wp:attachment":[{"href":"https:\/\/cyberwroc.pl\/index.php\/wp-json\/wp\/v2\/media?parent=402"}],"curies":[{"name":"wp","href":"https:\/\/api.w.org\/{rel}","templated":true}]}}