{"id":428,"date":"2022-11-05T11:41:08","date_gmt":"2022-11-05T10:41:08","guid":{"rendered":"https:\/\/cyberwroc.pl\/?page_id=428"},"modified":"2022-11-09T15:26:07","modified_gmt":"2022-11-09T14:26:07","slug":"uno-flip","status":"publish","type":"page","link":"https:\/\/cyberwroc.pl\/index.php\/uno-flip\/","title":{"rendered":"UNO FLIP"},"content":{"rendered":"\n<p><\/p>\n\n\n\n<div class=\"wp-block-media-text alignwide is-stacked-on-mobile\"><figure class=\"wp-block-media-text__media\"><img decoding=\"async\" src=\"https:\/\/www.miastozabawek.pl\/12093-thickbox_default\/gra-karty-uno-flip-gdr44.jpg\" alt=\"\"\/><\/figure><div class=\"wp-block-media-text__content\">\n<p>Przygotuj si\u0119 na now\u0105 wersj\u0119 klasycznej gry UNO: <strong>UNO FLIP!<\/strong> To ta sama kultowa gra karciana, ale teraz z nowymi, ekscytuj\u0105cymi elementami \u2013 takimi jak dwustronne karty, specjalna karta ODWR\u00d3\u0106 i ostrzejsze regu\u0142y \u2013 kt\u00f3re podnios\u0105 poziom rywalizacji w rozgrywce. Karty maj\u0105 jasn\u0105 stron\u0119, w kt\u00f3rej obowi\u0105zuj\u0105 klasyczne zasady gry UNO, oraz ciemn\u0105 stron\u0119 \u2013 gdzie kary s\u0105 bardziej surowe. <\/p>\n\n\n\n<p>U\u017cyj karty ODWR\u00d3\u0106, aby wszystkie karty graczy oraz te w stosie losowania i talii zosta\u0142y odwr\u00f3cone na drug\u0105 stron\u0119, ujawniaj\u0105c zupe\u0142nie nowy zestaw cyfr i kolor\u00f3w! Osoba trzymaj\u0105ca kart\u0119 ODWR\u00d3\u0106 okre\u015bla, czy gra toczy si\u0119 po jasnej czy ciemnej stronie i kiedy nast\u0119puje zmiana. Ciemna strona talii obejmuje nowe karty specjalne, kt\u00f3re mog\u0105 nie\u017ale namiesza\u0107: \u201eWe\u017a pi\u0119\u0107\u201d i \u201ePost\u00f3j dla wszystkich\u201d. My\u015bl strategicznie, aby pokona\u0107 konkurencj\u0119 i by\u0107 pierwszym graczem, kt\u00f3ry pozb\u0119dzie si\u0119 wszystkich swoich kart. Nie zapomnij krzykn\u0105\u0107 \u201eUNO!\u201d, gdy w r\u0119ku zostanie Ci tylko jedna karta!<\/p>\n<\/div><\/div>\n\n\n\n<p class=\"has-text-align-center has-large-font-size\"><a href=\"https:\/\/www.ekstrazabawki.pl\/KARTY-UNO-FLIP-GRA-KARCIANA-RODZINNA-DLA-DZIECI-p148585?pdf=\"><strong>INSTRUKCJA<\/strong><\/a><\/p>\n","protected":false},"excerpt":{"rendered":"<p>Przygotuj si\u0119 na now\u0105 wersj\u0119 klasycznej gry UNO: UNO FLIP! To ta sama kultowa gra karciana, ale teraz z nowymi, ekscytuj\u0105cymi elementami \u2013 takimi jak dwustronne karty, specjalna karta ODWR\u00d3\u0106 i ostrzejsze regu\u0142y \u2013 kt\u00f3re podnios\u0105 poziom rywalizacji w rozgrywce. Karty maj\u0105 jasn\u0105 stron\u0119, w kt\u00f3rej obowi\u0105zuj\u0105 klasyczne zasady gry UNO, oraz ciemn\u0105 stron\u0119 \u2013 [&hellip;]<\/p>\n","protected":false},"author":3,"featured_media":0,"parent":0,"menu_order":0,"comment_status":"closed","ping_status":"closed","template":"","meta":{"footnotes":""},"class_list":["post-428","page","type-page","status-publish","hentry"],"_links":{"self":[{"href":"https:\/\/cyberwroc.pl\/index.php\/wp-json\/wp\/v2\/pages\/428","targetHints":{"allow":["GET"]}}],"collection":[{"href":"https:\/\/cyberwroc.pl\/index.php\/wp-json\/wp\/v2\/pages"}],"about":[{"href":"https:\/\/cyberwroc.pl\/index.php\/wp-json\/wp\/v2\/types\/page"}],"author":[{"embeddable":true,"href":"https:\/\/cyberwroc.pl\/index.php\/wp-json\/wp\/v2\/users\/3"}],"replies":[{"embeddable":true,"href":"https:\/\/cyberwroc.pl\/index.php\/wp-json\/wp\/v2\/comments?post=428"}],"version-history":[{"count":3,"href":"https:\/\/cyberwroc.pl\/index.php\/wp-json\/wp\/v2\/pages\/428\/revisions"}],"predecessor-version":[{"id":528,"href":"https:\/\/cyberwroc.pl\/index.php\/wp-json\/wp\/v2\/pages\/428\/revisions\/528"}],"wp:attachment":[{"href":"https:\/\/cyberwroc.pl\/index.php\/wp-json\/wp\/v2\/media?parent=428"}],"curies":[{"name":"wp","href":"https:\/\/api.w.org\/{rel}","templated":true}]}}