{"id":431,"date":"2022-11-05T11:51:05","date_gmt":"2022-11-05T10:51:05","guid":{"rendered":"https:\/\/cyberwroc.pl\/?page_id=431"},"modified":"2022-11-05T11:51:05","modified_gmt":"2022-11-05T10:51:05","slug":"munchkin","status":"publish","type":"page","link":"https:\/\/cyberwroc.pl\/index.php\/munchkin\/","title":{"rendered":"Munchkin"},"content":{"rendered":"\n<div class=\"wp-block-media-text alignwide is-stacked-on-mobile\"><figure class=\"wp-block-media-text__media\"><img decoding=\"async\" src=\"https:\/\/sklep-graal.pl\/userdata\/public\/gfx\/78e873ab1b73999cf08f087ce14ae96e.jpg\" alt=\"\"\/><\/figure><div class=\"wp-block-media-text__content\">\n<p>Schodzisz do podziemi. Zabijasz wszystko, co spotkasz na swojej drodze. Oszukujesz kumpli i kradniesz ich ekwipunek. Zabierasz tyle skarb\u00f3w, ile si\u0119 da i zwiewasz. Przyznaj, \u017ce to kochasz!<\/p>\n\n\n\n<p><strong>Munchkin<\/strong>\u00a0to niekolekcjonerska gra karciana, kt\u00f3ra oddaje urok typowej gry fabularnej bez tego ca\u0142ego durnego odgrywania postaci. Musisz tylko zabija\u0107 potwory i zbiera\u0107 magiczne przedmioty! Szybka partyjka\u00a0<strong>Munchkina<\/strong>\u00a0sprawi, \u017ce bywalcy sesji RPG b\u0119d\u0105 p\u0119ka\u0107 ze \u015bmiechu.<\/p>\n\n\n\n<p>Posiadamy wersj\u0119: Cthulhu, Zombie, Steampunk, Edycja Jubileuszowa, klasyczny<\/p>\n<\/div><\/div>\n\n\n\n<p class=\"has-text-align-center has-large-font-size\"><a href=\"https:\/\/blackmonk.pl\/MATERIALY\/MUNCHKIN_Fantasy_Instrukcja.pdf\"><strong>INSTRUKCJA<\/strong><\/a><\/p>\n","protected":false},"excerpt":{"rendered":"<p>Schodzisz do podziemi. Zabijasz wszystko, co spotkasz na swojej drodze. Oszukujesz kumpli i kradniesz ich ekwipunek. Zabierasz tyle skarb\u00f3w, ile si\u0119 da i zwiewasz. Przyznaj, \u017ce to kochasz! Munchkin\u00a0to niekolekcjonerska gra karciana, kt\u00f3ra oddaje urok typowej gry fabularnej bez tego ca\u0142ego durnego odgrywania postaci. Musisz tylko zabija\u0107 potwory i zbiera\u0107 magiczne przedmioty! Szybka partyjka\u00a0Munchkina\u00a0sprawi, \u017ce [&hellip;]<\/p>\n","protected":false},"author":3,"featured_media":0,"parent":0,"menu_order":0,"comment_status":"closed","ping_status":"closed","template":"","meta":{"footnotes":""},"class_list":["post-431","page","type-page","status-publish","hentry"],"_links":{"self":[{"href":"https:\/\/cyberwroc.pl\/index.php\/wp-json\/wp\/v2\/pages\/431","targetHints":{"allow":["GET"]}}],"collection":[{"href":"https:\/\/cyberwroc.pl\/index.php\/wp-json\/wp\/v2\/pages"}],"about":[{"href":"https:\/\/cyberwroc.pl\/index.php\/wp-json\/wp\/v2\/types\/page"}],"author":[{"embeddable":true,"href":"https:\/\/cyberwroc.pl\/index.php\/wp-json\/wp\/v2\/users\/3"}],"replies":[{"embeddable":true,"href":"https:\/\/cyberwroc.pl\/index.php\/wp-json\/wp\/v2\/comments?post=431"}],"version-history":[{"count":1,"href":"https:\/\/cyberwroc.pl\/index.php\/wp-json\/wp\/v2\/pages\/431\/revisions"}],"predecessor-version":[{"id":432,"href":"https:\/\/cyberwroc.pl\/index.php\/wp-json\/wp\/v2\/pages\/431\/revisions\/432"}],"wp:attachment":[{"href":"https:\/\/cyberwroc.pl\/index.php\/wp-json\/wp\/v2\/media?parent=431"}],"curies":[{"name":"wp","href":"https:\/\/api.w.org\/{rel}","templated":true}]}}