{"id":601,"date":"2022-12-09T18:04:38","date_gmt":"2022-12-09T17:04:38","guid":{"rendered":"https:\/\/cyberwroc.pl\/?page_id=601"},"modified":"2025-05-15T17:26:34","modified_gmt":"2025-05-15T15:26:34","slug":"cluedo-gra-o-tron","status":"publish","type":"page","link":"https:\/\/cyberwroc.pl\/index.php\/cluedo-gra-o-tron\/","title":{"rendered":"Cluedo, Batman"},"content":{"rendered":"\n<p class=\"has-text-align-center has-large-font-size\"><\/p>\n\n\n\n<div class=\"wp-block-media-text is-stacked-on-mobile\"><figure class=\"wp-block-media-text__media\"><img loading=\"lazy\" decoding=\"async\" width=\"1024\" height=\"782\" src=\"https:\/\/cyberwroc.pl\/wp-content\/uploads\/2025\/05\/image-1024x782.png\" alt=\"\" class=\"wp-image-882 size-full\" srcset=\"https:\/\/cyberwroc.pl\/wp-content\/uploads\/2025\/05\/image-1024x782.png 1024w, https:\/\/cyberwroc.pl\/wp-content\/uploads\/2025\/05\/image-300x229.png 300w, https:\/\/cyberwroc.pl\/wp-content\/uploads\/2025\/05\/image-768x587.png 768w, https:\/\/cyberwroc.pl\/wp-content\/uploads\/2025\/05\/image.png 1500w\" sizes=\"auto, (max-width: 1024px) 100vw, 1024px\" \/><\/figure><div class=\"wp-block-media-text__content\">\n<p>\u00a0Rozwi\u0105\u017c zagadk\u0119 w Gotham City Opis Opis produktu Cluedo to bardzo fajna gra, w kt\u00f3rej musisz odkry\u0107, kto to zrobi\u0142? Gdzie porwano szeryfa? A jakiego Z\u0142ego Gad\u017ceta u\u017cy\u0142 sprawca? W tej specjalnej edycji Cluedo Batman wcielisz si\u0119 w prawdziwego detektywa, b\u0119dziesz m\u00f3g\u0142 porusza\u0107 si\u0119 po klasycznych miejscach Gotham City, aby znale\u017a\u0107 wskaz\u00f3wki i rozwi\u0105za\u0107 czekaj\u0105c\u0105 na Ciebie zagadk\u0119. Komisarz Gordon zosta\u0142 porwany i Twoim zadaniem jest wcieli\u0107 si\u0119 w jednego ze swoich ulubionych, pe\u0142nych akcji zbieraczy, aby rozwi\u0105za\u0107 zagadk\u0119 i zagadk\u0119. Rozwi\u0105\u017c zagadk\u0119 znikni\u0119cia, zanim twoi przeciwnicy maj\u0105 wiele opcji, ale odpowied\u017a jest tylko jedna\u2026 rzu\u0107 kostk\u0105, oskar\u017c nie maj\u0105c poj\u0119cia i odkryj winotwajc\u0119!\u00a0<\/p>\n<\/div><\/div>\n\n\n\n<p class=\"has-text-align-center has-large-font-size\"><\/p>\n","protected":false},"excerpt":{"rendered":"<p>\u00a0Rozwi\u0105\u017c zagadk\u0119 w Gotham City Opis Opis produktu Cluedo to bardzo fajna gra, w kt\u00f3rej musisz odkry\u0107, kto to zrobi\u0142? Gdzie porwano szeryfa? A jakiego Z\u0142ego Gad\u017ceta u\u017cy\u0142 sprawca? W tej specjalnej edycji Cluedo Batman wcielisz si\u0119 w prawdziwego detektywa, b\u0119dziesz m\u00f3g\u0142 porusza\u0107 si\u0119 po klasycznych miejscach Gotham City, aby znale\u017a\u0107 wskaz\u00f3wki i rozwi\u0105za\u0107 czekaj\u0105c\u0105 [&hellip;]<\/p>\n","protected":false},"author":3,"featured_media":0,"parent":0,"menu_order":0,"comment_status":"closed","ping_status":"closed","template":"","meta":{"footnotes":""},"class_list":["post-601","page","type-page","status-publish","hentry"],"_links":{"self":[{"href":"https:\/\/cyberwroc.pl\/index.php\/wp-json\/wp\/v2\/pages\/601","targetHints":{"allow":["GET"]}}],"collection":[{"href":"https:\/\/cyberwroc.pl\/index.php\/wp-json\/wp\/v2\/pages"}],"about":[{"href":"https:\/\/cyberwroc.pl\/index.php\/wp-json\/wp\/v2\/types\/page"}],"author":[{"embeddable":true,"href":"https:\/\/cyberwroc.pl\/index.php\/wp-json\/wp\/v2\/users\/3"}],"replies":[{"embeddable":true,"href":"https:\/\/cyberwroc.pl\/index.php\/wp-json\/wp\/v2\/comments?post=601"}],"version-history":[{"count":3,"href":"https:\/\/cyberwroc.pl\/index.php\/wp-json\/wp\/v2\/pages\/601\/revisions"}],"predecessor-version":[{"id":883,"href":"https:\/\/cyberwroc.pl\/index.php\/wp-json\/wp\/v2\/pages\/601\/revisions\/883"}],"wp:attachment":[{"href":"https:\/\/cyberwroc.pl\/index.php\/wp-json\/wp\/v2\/media?parent=601"}],"curies":[{"name":"wp","href":"https:\/\/api.w.org\/{rel}","templated":true}]}}