{"id":701,"date":"2024-09-18T17:22:44","date_gmt":"2024-09-18T15:22:44","guid":{"rendered":"https:\/\/cyberwroc.pl\/?page_id=701"},"modified":"2024-09-18T17:22:44","modified_gmt":"2024-09-18T15:22:44","slug":"jaipur","status":"publish","type":"page","link":"https:\/\/cyberwroc.pl\/index.php\/jaipur\/","title":{"rendered":"Jaipur"},"content":{"rendered":"\n<div class=\"wp-block-media-text is-stacked-on-mobile\"><figure class=\"wp-block-media-text__media\"><img loading=\"lazy\" decoding=\"async\" width=\"359\" height=\"544\" src=\"https:\/\/cyberwroc.pl\/wp-content\/uploads\/2024\/09\/jaipur-gra-towarzyska-rebel-nowa-edycja-b-iext155925027.webp\" alt=\"\" class=\"wp-image-702 size-full\" srcset=\"https:\/\/cyberwroc.pl\/wp-content\/uploads\/2024\/09\/jaipur-gra-towarzyska-rebel-nowa-edycja-b-iext155925027.webp 359w, https:\/\/cyberwroc.pl\/wp-content\/uploads\/2024\/09\/jaipur-gra-towarzyska-rebel-nowa-edycja-b-iext155925027-198x300.webp 198w\" sizes=\"auto, (max-width: 359px) 100vw, 359px\" \/><\/figure><div class=\"wp-block-media-text__content\">\n<p>Pojedynek najlepszych handlarzy!<\/p>\n\n\n\n<p>W stolicy Rad\u017castanu trwaj\u0105 poszukiwania nowego ministra handlu. Jako jeden z najlepszych w swoim fachu, postanawiasz podj\u0105\u0107 wyzwanie i zgromadzi\u0107 wi\u0119cej bogactw od przeciwnika. W ci\u0105gu kolejnych tygodni wyznaczanych rundami b\u0119dziecie odwiedzali targ, by gromadzi\u0107 i sprzedawa\u0107 rozmaite dobra. Kto oka\u017ce si\u0119 sprytniejszy?<\/p>\n<\/div><\/div>\n\n\n\n<p class=\"has-text-align-center\"><strong><a href=\"https:\/\/www.wydawnictworebel.pl\/repository\/files\/instrukcje\/Instrukcja_Jaipur-nowa-edycja.pdf\">Instrukcja<\/a><\/strong><\/p>\n","protected":false},"excerpt":{"rendered":"<p>Pojedynek najlepszych handlarzy! W stolicy Rad\u017castanu trwaj\u0105 poszukiwania nowego ministra handlu. Jako jeden z najlepszych w swoim fachu, postanawiasz podj\u0105\u0107 wyzwanie i zgromadzi\u0107 wi\u0119cej bogactw od przeciwnika. W ci\u0105gu kolejnych tygodni wyznaczanych rundami b\u0119dziecie odwiedzali targ, by gromadzi\u0107 i sprzedawa\u0107 rozmaite dobra. Kto oka\u017ce si\u0119 sprytniejszy? Instrukcja<\/p>\n","protected":false},"author":6,"featured_media":0,"parent":0,"menu_order":0,"comment_status":"closed","ping_status":"closed","template":"","meta":{"footnotes":""},"class_list":["post-701","page","type-page","status-publish","hentry"],"_links":{"self":[{"href":"https:\/\/cyberwroc.pl\/index.php\/wp-json\/wp\/v2\/pages\/701","targetHints":{"allow":["GET"]}}],"collection":[{"href":"https:\/\/cyberwroc.pl\/index.php\/wp-json\/wp\/v2\/pages"}],"about":[{"href":"https:\/\/cyberwroc.pl\/index.php\/wp-json\/wp\/v2\/types\/page"}],"author":[{"embeddable":true,"href":"https:\/\/cyberwroc.pl\/index.php\/wp-json\/wp\/v2\/users\/6"}],"replies":[{"embeddable":true,"href":"https:\/\/cyberwroc.pl\/index.php\/wp-json\/wp\/v2\/comments?post=701"}],"version-history":[{"count":1,"href":"https:\/\/cyberwroc.pl\/index.php\/wp-json\/wp\/v2\/pages\/701\/revisions"}],"predecessor-version":[{"id":703,"href":"https:\/\/cyberwroc.pl\/index.php\/wp-json\/wp\/v2\/pages\/701\/revisions\/703"}],"wp:attachment":[{"href":"https:\/\/cyberwroc.pl\/index.php\/wp-json\/wp\/v2\/media?parent=701"}],"curies":[{"name":"wp","href":"https:\/\/api.w.org\/{rel}","templated":true}]}}