{"id":706,"date":"2024-09-18T17:40:35","date_gmt":"2024-09-18T15:40:35","guid":{"rendered":"https:\/\/cyberwroc.pl\/?page_id=706"},"modified":"2024-09-18T17:40:35","modified_gmt":"2024-09-18T15:40:35","slug":"podaj-dalej-bez-cenzury","status":"publish","type":"page","link":"https:\/\/cyberwroc.pl\/index.php\/podaj-dalej-bez-cenzury\/","title":{"rendered":"Podaj Dalej &#8211; Bez Cenzury"},"content":{"rendered":"\n<div class=\"wp-block-media-text is-stacked-on-mobile\"><figure class=\"wp-block-media-text__media\"><img loading=\"lazy\" decoding=\"async\" width=\"525\" height=\"544\" src=\"https:\/\/cyberwroc.pl\/wp-content\/uploads\/2024\/09\/podaj-dalej-bez-cenzury-gra-towarzyska-galaktyka-b-iext150487840.webp\" alt=\"\" class=\"wp-image-707 size-full\" srcset=\"https:\/\/cyberwroc.pl\/wp-content\/uploads\/2024\/09\/podaj-dalej-bez-cenzury-gra-towarzyska-galaktyka-b-iext150487840.webp 525w, https:\/\/cyberwroc.pl\/wp-content\/uploads\/2024\/09\/podaj-dalej-bez-cenzury-gra-towarzyska-galaktyka-b-iext150487840-290x300.webp 290w\" sizes=\"auto, (max-width: 525px) 100vw, 525px\" \/><\/figure><div class=\"wp-block-media-text__content\">\n<p>Bestsellerowa gra imprezowa powraca, tym razem w wersji dla doros\u0142ych! Tu has\u0142a kojarz\u0105 si\u0119 tylko z jednym i s\u0105 jeszcze trudniejsze do narysowania. Niezale\u017cnie, czy uda si\u0119 Wam przekaza\u0107 s\u0142owa dalej, czy te\u017c po drodze Wasze my\u015blenie skr\u0119ci w zupe\u0142nie nieznane rejony \u2013 z pewno\u015bci\u0105 czeka Was mn\u00f3stwo \u015bmiechu i doskona\u0142ej zabawy!<\/p>\n<\/div><\/div>\n\n\n\n<p class=\"has-text-align-center\"><strong><a href=\"https:\/\/www.wydawnictworebel.pl\/repository\/files\/instrukcje\/Instrukcja_Podaj-dalej-bez-cenzury.pdf\">Instrukcja<\/a><\/strong><\/p>\n","protected":false},"excerpt":{"rendered":"<p>Bestsellerowa gra imprezowa powraca, tym razem w wersji dla doros\u0142ych! Tu has\u0142a kojarz\u0105 si\u0119 tylko z jednym i s\u0105 jeszcze trudniejsze do narysowania. Niezale\u017cnie, czy uda si\u0119 Wam przekaza\u0107 s\u0142owa dalej, czy te\u017c po drodze Wasze my\u015blenie skr\u0119ci w zupe\u0142nie nieznane rejony \u2013 z pewno\u015bci\u0105 czeka Was mn\u00f3stwo \u015bmiechu i doskona\u0142ej zabawy! Instrukcja<\/p>\n","protected":false},"author":6,"featured_media":0,"parent":0,"menu_order":0,"comment_status":"closed","ping_status":"closed","template":"","meta":{"footnotes":""},"class_list":["post-706","page","type-page","status-publish","hentry"],"_links":{"self":[{"href":"https:\/\/cyberwroc.pl\/index.php\/wp-json\/wp\/v2\/pages\/706","targetHints":{"allow":["GET"]}}],"collection":[{"href":"https:\/\/cyberwroc.pl\/index.php\/wp-json\/wp\/v2\/pages"}],"about":[{"href":"https:\/\/cyberwroc.pl\/index.php\/wp-json\/wp\/v2\/types\/page"}],"author":[{"embeddable":true,"href":"https:\/\/cyberwroc.pl\/index.php\/wp-json\/wp\/v2\/users\/6"}],"replies":[{"embeddable":true,"href":"https:\/\/cyberwroc.pl\/index.php\/wp-json\/wp\/v2\/comments?post=706"}],"version-history":[{"count":1,"href":"https:\/\/cyberwroc.pl\/index.php\/wp-json\/wp\/v2\/pages\/706\/revisions"}],"predecessor-version":[{"id":708,"href":"https:\/\/cyberwroc.pl\/index.php\/wp-json\/wp\/v2\/pages\/706\/revisions\/708"}],"wp:attachment":[{"href":"https:\/\/cyberwroc.pl\/index.php\/wp-json\/wp\/v2\/media?parent=706"}],"curies":[{"name":"wp","href":"https:\/\/api.w.org\/{rel}","templated":true}]}}