{"id":754,"date":"2024-09-25T16:09:54","date_gmt":"2024-09-25T14:09:54","guid":{"rendered":"https:\/\/cyberwroc.pl\/?page_id=754"},"modified":"2024-09-25T16:09:54","modified_gmt":"2024-09-25T14:09:54","slug":"monopoly-deal","status":"publish","type":"page","link":"https:\/\/cyberwroc.pl\/index.php\/monopoly-deal\/","title":{"rendered":"Monopoly Deal"},"content":{"rendered":"\n<div class=\"wp-block-media-text is-stacked-on-mobile\"><figure class=\"wp-block-media-text__media\"><img loading=\"lazy\" decoding=\"async\" width=\"544\" height=\"544\" src=\"https:\/\/cyberwroc.pl\/wp-content\/uploads\/2024\/09\/monopoly-deal-gra-planszowa-monopoly-b-iext152607659.webp\" alt=\"\" class=\"wp-image-755 size-full\" srcset=\"https:\/\/cyberwroc.pl\/wp-content\/uploads\/2024\/09\/monopoly-deal-gra-planszowa-monopoly-b-iext152607659.webp 544w, https:\/\/cyberwroc.pl\/wp-content\/uploads\/2024\/09\/monopoly-deal-gra-planszowa-monopoly-b-iext152607659-300x300.webp 300w, https:\/\/cyberwroc.pl\/wp-content\/uploads\/2024\/09\/monopoly-deal-gra-planszowa-monopoly-b-iext152607659-150x150.webp 150w\" sizes=\"auto, (max-width: 544px) 100vw, 544px\" \/><\/figure><div class=\"wp-block-media-text__content\">\n<p>Witaj w \u015bwiecie Monopoly Deal, gdzie regu\u0142y znane z oryginalnej gry Monopoly po\u0142\u0105czono z dynamik\u0105 gry w karty! Nowy wygl\u0105d oraz skondensowane zasady gry pozwol\u0105 wam rozegra\u0107 parti\u0119 Monopoly Deal nawet w 15 minut. Zbieraj karty W\u0142asno\u015bci, korzystaj z kart Akcji, aby zmusi\u0107 pozosta\u0142ych graczy do sp\u0142aty czynszu i dobijaj targu. Gracz, kt\u00f3ry jako pierwszy zbierze 3 pe\u0142ne Zestawy Nieruchomo\u015bci w r\u00f3\u017cnych kolorach &#8211; wygrywa! W zestawie 11 kart oraz instrukcja do gry.<\/p>\n<\/div><\/div>\n\n\n\n<p class=\"has-text-align-center\"><strong><a href=\"https:\/\/www.shufflecardgames.com\/resources\/manuals\/pl_pl\/shuffle-manual-MonopolyDeal-pl_pl.pdf\" data-type=\"link\" data-id=\"https:\/\/www.shufflecardgames.com\/resources\/manuals\/pl_pl\/shuffle-manual-MonopolyDeal-pl_pl.pdf\">Instrukcja<\/a><\/strong><\/p>\n","protected":false},"excerpt":{"rendered":"<p>Witaj w \u015bwiecie Monopoly Deal, gdzie regu\u0142y znane z oryginalnej gry Monopoly po\u0142\u0105czono z dynamik\u0105 gry w karty! Nowy wygl\u0105d oraz skondensowane zasady gry pozwol\u0105 wam rozegra\u0107 parti\u0119 Monopoly Deal nawet w 15 minut. Zbieraj karty W\u0142asno\u015bci, korzystaj z kart Akcji, aby zmusi\u0107 pozosta\u0142ych graczy do sp\u0142aty czynszu i dobijaj targu. Gracz, kt\u00f3ry jako pierwszy [&hellip;]<\/p>\n","protected":false},"author":6,"featured_media":0,"parent":0,"menu_order":0,"comment_status":"closed","ping_status":"closed","template":"","meta":{"footnotes":""},"class_list":["post-754","page","type-page","status-publish","hentry"],"_links":{"self":[{"href":"https:\/\/cyberwroc.pl\/index.php\/wp-json\/wp\/v2\/pages\/754","targetHints":{"allow":["GET"]}}],"collection":[{"href":"https:\/\/cyberwroc.pl\/index.php\/wp-json\/wp\/v2\/pages"}],"about":[{"href":"https:\/\/cyberwroc.pl\/index.php\/wp-json\/wp\/v2\/types\/page"}],"author":[{"embeddable":true,"href":"https:\/\/cyberwroc.pl\/index.php\/wp-json\/wp\/v2\/users\/6"}],"replies":[{"embeddable":true,"href":"https:\/\/cyberwroc.pl\/index.php\/wp-json\/wp\/v2\/comments?post=754"}],"version-history":[{"count":1,"href":"https:\/\/cyberwroc.pl\/index.php\/wp-json\/wp\/v2\/pages\/754\/revisions"}],"predecessor-version":[{"id":756,"href":"https:\/\/cyberwroc.pl\/index.php\/wp-json\/wp\/v2\/pages\/754\/revisions\/756"}],"wp:attachment":[{"href":"https:\/\/cyberwroc.pl\/index.php\/wp-json\/wp\/v2\/media?parent=754"}],"curies":[{"name":"wp","href":"https:\/\/api.w.org\/{rel}","templated":true}]}}